[INFO] cloning repository https://github.com/illicitonion/code-graffiti
[INFO] running `Command { std: "git" "-c" "credential.helper=" "-c" "credential.helper=/workspace/cargo-home/bin/git-credential-null" "clone" "--bare" "https://github.com/illicitonion/code-graffiti" "/workspace/cache/git-repos/https%3A%2F%2Fgithub.com%2Fillicitonion%2Fcode-graffiti", kill_on_drop: false }`
[INFO] [stderr] Cloning into bare repository '/workspace/cache/git-repos/https%3A%2F%2Fgithub.com%2Fillicitonion%2Fcode-graffiti'...
[INFO] running `Command { std: "git" "rev-parse" "HEAD", kill_on_drop: false }`
[INFO] [stdout] 7df53b6f6e89d25677a2a47add97f3226e463706
[INFO] checking illicitonion/code-graffiti against try#72f88fc4e9458f89516a0b8b0868f3718aec5b47 for pr-74989
[INFO] running `Command { std: "git" "clone" "/workspace/cache/git-repos/https%3A%2F%2Fgithub.com%2Fillicitonion%2Fcode-graffiti" "/workspace/builds/worker-9/source", kill_on_drop: false }`
[INFO] [stderr] Cloning into '/workspace/builds/worker-9/source'...
[INFO] [stderr] done.
[INFO] validating manifest of git repo https://github.com/illicitonion/code-graffiti on toolchain 72f88fc4e9458f89516a0b8b0868f3718aec5b47
[INFO] running `Command { std: "/workspace/cargo-home/bin/cargo" "+72f88fc4e9458f89516a0b8b0868f3718aec5b47" "read-manifest" "--manifest-path" "Cargo.toml", kill_on_drop: false }`
[INFO] started tweaking git repo https://github.com/illicitonion/code-graffiti
[INFO] finished tweaking git repo https://github.com/illicitonion/code-graffiti
[INFO] tweaked toml for git repo https://github.com/illicitonion/code-graffiti written to /workspace/builds/worker-9/source/Cargo.toml
[INFO] crate git repo https://github.com/illicitonion/code-graffiti already has a lockfile, it will not be regenerated
[INFO] running `Command { std: "/workspace/cargo-home/bin/cargo" "+72f88fc4e9458f89516a0b8b0868f3718aec5b47" "fetch" "--locked" "--manifest-path" "Cargo.toml", kill_on_drop: false }`
[INFO] [stderr]  Downloading crates ...
[INFO] [stderr]   Downloaded futures v0.1.22
[INFO] [stderr]   Downloaded pq-sys v0.4.5
[INFO] [stderr]   Downloaded diesel v1.3.2
[INFO] [stderr]   Downloaded hyper v0.12.6
[INFO] [stderr]   Downloaded openssl v0.10.10
[INFO] [stderr]   Downloaded digest v0.7.4
[INFO] [stderr]   Downloaded native-tls v0.2.0
[INFO] [stderr]   Downloaded tempfile v3.0.2
[INFO] [stderr]   Downloaded boxfuture v0.0.1
[INFO] running `Command { std: "docker" "create" "-v" "/var/lib/crater-agent-workspace/builds/worker-9/target:/opt/rustwide/target:rw,Z" "-v" "/var/lib/crater-agent-workspace/builds/worker-9/source:/opt/rustwide/workdir:ro,Z" "-v" "/var/lib/crater-agent-workspace/cargo-home:/opt/rustwide/cargo-home:ro,Z" "-v" "/var/lib/crater-agent-workspace/rustup-home:/opt/rustwide/rustup-home:ro,Z" "-e" "SOURCE_DIR=/opt/rustwide/workdir" "-e" "CARGO_TARGET_DIR=/opt/rustwide/target" "-e" "CARGO_HOME=/opt/rustwide/cargo-home" "-e" "RUSTUP_HOME=/opt/rustwide/rustup-home" "-w" "/opt/rustwide/workdir" "-m" "1610612736" "--user" "0:0" "--network" "none" "rustops/crates-build-env@sha256:d92eaeed33fa75130ca1ee6c8a01d1ffb62bac859dfdfb3450e3e5d1c0146529" "/opt/rustwide/cargo-home/bin/cargo" "+72f88fc4e9458f89516a0b8b0868f3718aec5b47" "metadata" "--no-deps" "--format-version=1", kill_on_drop: false }`
[INFO] [stderr] WARNING: Your kernel does not support swap limit capabilities or the cgroup is not mounted. Memory limited without swap.
[INFO] [stdout] 27abdff02e839907308ec1d99d775c34e92c598cac049adc97bc8cde08f327d5
[INFO] running `Command { std: "docker" "start" "-a" "27abdff02e839907308ec1d99d775c34e92c598cac049adc97bc8cde08f327d5", kill_on_drop: false }`
[INFO] running `Command { std: "docker" "inspect" "27abdff02e839907308ec1d99d775c34e92c598cac049adc97bc8cde08f327d5", kill_on_drop: false }`
[INFO] running `Command { std: "docker" "rm" "-f" "27abdff02e839907308ec1d99d775c34e92c598cac049adc97bc8cde08f327d5", kill_on_drop: false }`
[INFO] [stdout] 27abdff02e839907308ec1d99d775c34e92c598cac049adc97bc8cde08f327d5
[INFO] running `Command { std: "docker" "create" "-v" "/var/lib/crater-agent-workspace/builds/worker-9/target:/opt/rustwide/target:rw,Z" "-v" "/var/lib/crater-agent-workspace/builds/worker-9/source:/opt/rustwide/workdir:ro,Z" "-v" "/var/lib/crater-agent-workspace/cargo-home:/opt/rustwide/cargo-home:ro,Z" "-v" "/var/lib/crater-agent-workspace/rustup-home:/opt/rustwide/rustup-home:ro,Z" "-e" "SOURCE_DIR=/opt/rustwide/workdir" "-e" "CARGO_TARGET_DIR=/opt/rustwide/target" "-e" "CARGO_INCREMENTAL=0" "-e" "RUST_BACKTRACE=full" "-e" "RUSTFLAGS=--cap-lints=forbid" "-e" "CARGO_HOME=/opt/rustwide/cargo-home" "-e" "RUSTUP_HOME=/opt/rustwide/rustup-home" "-w" "/opt/rustwide/workdir" "-m" "1610612736" "--user" "0:0" "--network" "none" "rustops/crates-build-env@sha256:d92eaeed33fa75130ca1ee6c8a01d1ffb62bac859dfdfb3450e3e5d1c0146529" "/opt/rustwide/cargo-home/bin/cargo" "+72f88fc4e9458f89516a0b8b0868f3718aec5b47" "check" "--frozen" "--all" "--all-targets" "--message-format=json", kill_on_drop: false }`
[INFO] [stdout] eb08b1627ea165647308915d7d69ca8577abc5e02e3572195dd31ad6e5aaaf7e
[INFO] [stderr] WARNING: Your kernel does not support swap limit capabilities or the cgroup is not mounted. Memory limited without swap.
[INFO] running `Command { std: "docker" "start" "-a" "eb08b1627ea165647308915d7d69ca8577abc5e02e3572195dd31ad6e5aaaf7e", kill_on_drop: false }`
[INFO] [stderr]     Checking libc v0.2.42
[INFO] [stderr]     Checking cfg-if v0.1.4
[INFO] [stderr]     Checking futures v0.1.22
[INFO] [stderr]     Checking lazy_static v1.0.1
[INFO] [stderr]     Checking byteorder v1.2.3
[INFO] [stderr]     Checking nodrop v0.1.12
[INFO] [stderr]    Compiling cc v1.0.18
[INFO] [stderr]    Compiling pkg-config v0.3.11
[INFO] [stderr]     Checking memoffset v0.2.1
[INFO] [stderr]     Checking scopeguard v0.3.3
[INFO] [stderr]     Checking lazycell v0.6.0
[INFO] [stderr]     Checking itoa v0.4.2
[INFO] [stderr]    Compiling openssl v0.10.10
[INFO] [stderr]     Checking matches v0.1.6
[INFO] [stderr]    Compiling serde v1.0.70
[INFO] [stderr]     Checking bitflags v1.0.3
[INFO] [stderr]     Checking foreign-types-shared v0.1.1
[INFO] [stderr]    Compiling httparse v1.3.2
[INFO] [stderr]     Checking void v1.0.2
[INFO] [stderr]     Checking unicode-normalization v0.1.7
[INFO] [stderr]     Checking ucd-util v0.1.1
[INFO] [stderr]     Checking string v0.1.0
[INFO] [stderr]     Checking indexmap v1.0.1
[INFO] [stderr]    Compiling native-tls v0.2.0
[INFO] [stderr]    Compiling regex v1.0.1
[INFO] [stderr]     Checking unicode-width v0.1.5
[INFO] [stderr]     Checking percent-encoding v1.0.1
[INFO] [stderr]     Checking openssl-probe v0.1.2
[INFO] [stderr]     Checking utf8-ranges v1.0.0
[INFO] [stderr]     Checking antidote v1.0.0
[INFO] [stderr]     Checking strsim v0.7.0
[INFO] [stderr]     Checking termcolor v0.3.6
[INFO] [stderr]     Checking log v0.4.3
[INFO] [stderr]     Checking crossbeam-utils v0.3.2
[INFO] [stderr]     Checking unicode-bidi v0.3.4
[INFO] [stderr]    Compiling proc-macro2 v0.4.6
[INFO] [stderr]     Checking arrayvec v0.4.7
[INFO] [stderr]     Checking foreign-types v0.3.2
[INFO] [stderr]     Checking unreachable v1.0.0
[INFO] [stderr]     Checking regex-syntax v0.6.1
[INFO] [stderr]     Checking humantime v1.1.1
[INFO] [stderr]     Checking textwrap v0.10.0
[INFO] [stderr]     Checking scheduled-thread-pool v0.2.0
[INFO] [stderr]     Checking thread_local v0.3.5
[INFO] [stderr]     Checking iovec v0.1.2
[INFO] [stderr]     Checking net2 v0.2.33
[INFO] [stderr]     Checking num_cpus v1.8.0
[INFO] [stderr]     Checking rand v0.4.2
[INFO] [stderr]     Checking memchr v2.0.1
[INFO] [stderr]     Checking time v0.1.40
[INFO] [stderr]     Checking atty v0.2.10
[INFO] [stderr]     Checking r2d2 v0.8.2
[INFO] [stderr]     Checking bytes v0.4.8
[INFO] [stderr]     Checking clap v2.32.0
[INFO] [stderr]     Checking crossbeam-epoch v0.4.3
[INFO] [stderr]     Checking aho-corasick v0.6.6
[INFO] [stderr]    Compiling quote v0.6.3
[INFO] [stderr]     Checking mio v0.6.15
[INFO] [stderr]    Compiling syn v0.14.4
[INFO] [stderr]     Checking crossbeam-deque v0.3.1
[INFO] [stderr]     Checking http v0.1.7
[INFO] [stderr]     Checking idna v0.1.5
[INFO] [stderr]    Compiling openssl-sys v0.9.33
[INFO] [stderr]     Checking tokio-executor v0.1.2
[INFO] [stderr]     Checking tokio-io v0.1.7
[INFO] [stderr]     Checking want v0.0.6
[INFO] [stderr]     Checking futures-cpupool v0.1.8
[INFO] [stderr]     Checking boxfuture v0.0.1
[INFO] [stderr]     Checking tokio-threadpool v0.1.5
[INFO] [stderr]     Checking tokio-timer v0.2.4
[INFO] [stderr]     Checking url v1.7.1
[INFO] [stderr]     Checking tokio-reactor v0.1.2
[INFO] [stderr]     Checking tokio-codec v0.1.0
[INFO] [stderr]     Checking tokio-udp v0.1.1
[INFO] [stderr]     Checking tokio-tcp v0.1.0
[INFO] [stderr]     Checking tokio-fs v0.1.2
[INFO] [stderr]     Checking tokio v0.1.7
[INFO] [stderr]     Checking h2 v0.1.10
[INFO] [stderr]    Compiling serde_derive v1.0.70
[INFO] [stderr]     Checking env_logger v0.5.10
[INFO] [stderr]     Checking hyper v0.12.6
[INFO] [stderr]     Checking serde_urlencoded v0.5.2
[INFO] [stderr]     Checking serde_json v1.0.22
[INFO] [stderr]     Checking hyper-tls v0.3.0
[INFO] [stderr]     Checking code-graffiti v0.0.1 (/opt/rustwide/workdir)
[INFO] [stdout] warning: use of deprecated constant `std::sync::ONCE_INIT`: the `new` function is now preferred
[INFO] [stdout]   --> src/github.rs:71:1
[INFO] [stdout]    |
[INFO] [stdout] 71 | / lazy_static! {
[INFO] [stdout] 72 | |     static ref SHA_REGEX: regex::Regex = regex::Regex::new("^[0-9a-fA-f]{40}$").unwrap();
[INFO] [stdout] 73 | | }
[INFO] [stdout]    | |_^
[INFO] [stdout]    |
[INFO] [stdout]    = note: `#[warn(deprecated)]` on by default
[INFO] [stdout]    = note: this warning originates in a macro (in Nightly builds, run with -Z macro-backtrace for more info)
[INFO] [stdout] 
[INFO] [stdout] 
[INFO] [stdout] warning: use of deprecated constant `std::sync::ONCE_INIT`: the `new` function is now preferred
[INFO] [stdout]   --> src/github.rs:71:1
[INFO] [stdout]    |
[INFO] [stdout] 71 | / lazy_static! {
[INFO] [stdout] 72 | |     static ref SHA_REGEX: regex::Regex = regex::Regex::new("^[0-9a-fA-f]{40}$").unwrap();
[INFO] [stdout] 73 | | }
[INFO] [stdout]    | |_^
[INFO] [stdout]    |
[INFO] [stdout]    = note: `#[warn(deprecated)]` on by default
[INFO] [stdout]    = note: this warning originates in a macro (in Nightly builds, run with -Z macro-backtrace for more info)
[INFO] [stdout] 
[INFO] [stdout] 
[INFO] [stdout] warning: 1 warning emitted
[INFO] [stdout] 
[INFO] [stdout] 
[INFO] [stdout] error[E0425]: cannot find function `connect` in crate `code_graffiti`
[INFO] [stdout]   --> bin/cli.rs:17:37
[INFO] [stdout]    |
[INFO] [stdout] 17 |     let connection = code_graffiti::connect(matches.value_of("database").unwrap())?;
[INFO] [stdout]    |                                     ^^^^^^^ not found in `code_graffiti`
[INFO] [stdout] 
[INFO] [stdout] 
[INFO] [stdout] error[E0425]: cannot find function `comments_for_line` in crate `code_graffiti`
[INFO] [stdout]   --> bin/cli.rs:37:43
[INFO] [stdout]    |
[INFO] [stdout] 37 |             let comments = code_graffiti::comments_for_line(&connection, &line)?;
[INFO] [stdout]    |                                           ^^^^^^^^^^^^^^^^^ not found in `code_graffiti`
[INFO] [stdout] 
[INFO] [stdout] 
[INFO] [stdout] error[E0425]: cannot find function `leave_comment` in crate `code_graffiti`
[INFO] [stdout]   --> bin/cli.rs:45:53
[INFO] [stdout]    |
[INFO] [stdout] 45 |         ("post", Some(sub_match)) => code_graffiti::leave_comment(
[INFO] [stdout]    |                                                     ^^^^^^^^^^^^^ not found in `code_graffiti`
[INFO] [stdout] 
[INFO] [stdout] 
[INFO] [stdout] error[E0425]: cannot find function `connect` in crate `code_graffiti`
[INFO] [stdout]   --> bin/cli.rs:17:37
[INFO] [stdout]    |
[INFO] [stdout] 17 |     let connection = code_graffiti::connect(matches.value_of("database").unwrap())?;
[INFO] [stdout]    |                                     ^^^^^^^ not found in `code_graffiti`
[INFO] [stdout] 
[INFO] [stdout] 
[INFO] [stdout] error[E0425]: cannot find function `comments_for_line` in crate `code_graffiti`
[INFO] [stdout]   --> bin/cli.rs:37:43
[INFO] [stdout]    |
[INFO] [stdout] 37 |             let comments = code_graffiti::comments_for_line(&connection, &line)?;
[INFO] [stdout]    |                                           ^^^^^^^^^^^^^^^^^ not found in `code_graffiti`
[INFO] [stdout] 
[INFO] [stdout] 
[INFO] [stdout] error[E0425]: cannot find function `leave_comment` in crate `code_graffiti`
[INFO] [stdout]   --> bin/cli.rs:45:53
[INFO] [stdout]    |
[INFO] [stdout] 45 |         ("post", Some(sub_match)) => code_graffiti::leave_comment(
[INFO] [stdout]    |                                                     ^^^^^^^^^^^^^ not found in `code_graffiti`
[INFO] [stdout] 
[INFO] [stdout] 
[INFO] [stdout] warning: 1 warning emitted
[INFO] [stdout] 
[INFO] [stdout] 
[INFO] [stdout] error: aborting due to 3 previous errors
[INFO] [stdout] 
[INFO] [stdout] 
[INFO] [stdout] For more information about this error, try `rustc --explain E0425`.
[INFO] [stdout] 
[INFO] [stderr] error: could not compile `code-graffiti`.
[INFO] [stderr] 
[INFO] [stderr] To learn more, run the command again with --verbose.
[INFO] [stderr] warning: build failed, waiting for other jobs to finish...
[INFO] [stdout] error[E0425]: cannot find function `make_connection_manager` in crate `code_graffiti`
[INFO] [stdout]   --> bin/api.rs:38:43
[INFO] [stdout]    |
[INFO] [stdout] 38 |     let database_manager = code_graffiti::make_connection_manager(database);
[INFO] [stdout]    |                                           ^^^^^^^^^^^^^^^^^^^^^^^ not found in `code_graffiti`
[INFO] [stdout] 
[INFO] [stdout] 
[INFO] [stdout] error[E0412]: cannot find type `ConnectionManager` in crate `code_graffiti`
[INFO] [stdout]   --> bin/api.rs:62:46
[INFO] [stdout]    |
[INFO] [stdout] 62 |     database_pool: r2d2::Pool<code_graffiti::ConnectionManager>,
[INFO] [stdout]    |                                              ^^^^^^^^^^^^^^^^^ not found in `code_graffiti`
[INFO] [stdout] 
[INFO] [stdout] 
[INFO] [stdout] error[E0425]: cannot find function `comments_for_line` in crate `code_graffiti`
[INFO] [stdout]    --> bin/api.rs:152:32
[INFO] [stdout]     |
[INFO] [stdout] 152 |                 code_graffiti::comments_for_line(connection, &context)
[INFO] [stdout]     |                                ^^^^^^^^^^^^^^^^^ not found in `code_graffiti`
[INFO] [stdout] 
[INFO] [stdout] 
[INFO] [stdout] error[E0425]: cannot find function `make_connection_manager` in crate `code_graffiti`
[INFO] [stdout]   --> bin/api.rs:38:43
[INFO] [stdout]    |
[INFO] [stdout] 38 |     let database_manager = code_graffiti::make_connection_manager(database);
[INFO] [stdout]    |                                           ^^^^^^^^^^^^^^^^^^^^^^^ not found in `code_graffiti`
[INFO] [stdout] 
[INFO] [stdout] 
[INFO] [stdout] error: aborting due to 3 previous errors
[INFO] [stdout] 
[INFO] [stdout] 
[INFO] [stdout] For more information about this error, try `rustc --explain E0425`.
[INFO] [stdout] 
[INFO] [stdout] error[E0412]: cannot find type `ConnectionManager` in crate `code_graffiti`
[INFO] [stdout]   --> bin/api.rs:62:46
[INFO] [stdout]    |
[INFO] [stdout] 62 |     database_pool: r2d2::Pool<code_graffiti::ConnectionManager>,
[INFO] [stdout]    |                                              ^^^^^^^^^^^^^^^^^ not found in `code_graffiti`
[INFO] [stdout] 
[INFO] [stdout] 
[INFO] [stdout] error[E0425]: cannot find function `comments_for_line` in crate `code_graffiti`
[INFO] [stdout]    --> bin/api.rs:152:32
[INFO] [stdout]     |
[INFO] [stdout] 152 |                 code_graffiti::comments_for_line(connection, &context)
[INFO] [stdout]     |                                ^^^^^^^^^^^^^^^^^ not found in `code_graffiti`
[INFO] [stdout] 
[INFO] [stdout] 
[INFO] [stdout] error: aborting due to 3 previous errors
[INFO] [stdout] 
[INFO] [stdout] 
[INFO] [stdout] Some errors have detailed explanations: E0412, E0425.
[INFO] [stdout] 
[INFO] [stdout] For more information about an error, try `rustc --explain E0412`.
[INFO] [stdout] 
[INFO] [stdout] error: aborting due to 3 previous errors
[INFO] [stdout] 
[INFO] [stdout] 
[INFO] [stdout] Some errors have detailed explanations: E0412, E0425.
[INFO] [stdout] 
[INFO] [stdout] For more information about an error, try `rustc --explain E0412`.
[INFO] [stdout] 
[INFO] [stderr] error: build failed
[INFO] running `Command { std: "docker" "inspect" "eb08b1627ea165647308915d7d69ca8577abc5e02e3572195dd31ad6e5aaaf7e", kill_on_drop: false }`
[INFO] running `Command { std: "docker" "rm" "-f" "eb08b1627ea165647308915d7d69ca8577abc5e02e3572195dd31ad6e5aaaf7e", kill_on_drop: false }`
[INFO] [stdout] eb08b1627ea165647308915d7d69ca8577abc5e02e3572195dd31ad6e5aaaf7e
